ond derivative of 1/20*u**5 + 0*u**2 + 8*u + 0*u**3 + 0 + 1/4*u**4. Give z(t).
0
Suppose 2*o - 7522 = -4*v, -4*o - o = 3*v - 5652. Let u(r) = -r + v - 1879. Determine u(8).
-8
Let z(y) be the second derivative of -y**4/12 + 5*y**3/6 + y**2 - 10*y + 1. What is z(6)?
-4
Let t(n) = -n**2 + 7*n - 8. Suppose -5*u - k + 11 = -u, 3*k = 4*u - 15. Let x = -273 - -282. Suppose x = v + u. Determine t(v).
-2
Let t(k) = 23*k + 6. Let o(d) = -d**2 + 25*d + 5. Let q(f) = 2*o(f) - 3*t(f). What is q(-9)?
1
Let t(v) = -v + 7. Let c(h) = -6*h + 25. Let l be 2/(-8) + (-247)/(-76). Let m be c(l). Calculate t(m).
0
Let g(w) be the first derivative of -2*w**3/3 - 2*w**2 - 595. Let c = -9 + 6. Give g(c).
-6
Let f(s) be the first derivative of -s**4/4 - 2*s**3 - 2*s**2 + 4*s + 108. Determine f(-5).
-1
Let s(x) = -x - 4. Let t be (0 - 3) + 16/1. Suppose 5*h + 9 = c, -58 = -5*c + h - t. Let j be (3/(-1))/(c/12). Determine s(j).
0
Let g(o) = -o**3 - 10*o**2 - 12*o + 31. Let f be g(-8). Let s(x) be the third derivative of x**4/24 + x**3/6 + 2*x**2. Give s(f).
0
Let k(i) = -i**2 - 5*i + 8. Let w be (-90)/12*1 - (-12)/8. Calculate k(w).
2
Let b(m) be the third derivative of m**6/120 + m**4/24 - m**3/6 + 755*m**2. What is b(-2)?
-11
Let g(x) = -8*x + 7. Suppose 2*o + 8 = 0, -34 = 3*s - 2*o - 57. Determine g(s).
-33
Let n(l) = l. Let z(p) = -p - 13 - p + 4 - p**2. Suppose 3*i = 15, 4*d + 5*i - 26 = -21. Let t(k) = d*n(k) + z(k). Determine t(-6).
-3
Let w(l) = l**2 + 9*l - 22. Let v = 194 - 205. Determine w(v).
0
Suppose 0 = 4*t - t - 3. Suppose -3*h + 7 = t. Let c(v) = -v**h - 2 + 3*v**3 - 4*v**3 + 4*v**2. Calculate c(2).
2
Suppose 4*k - o = 1 - 21, 5*o - 36 = 4*k. Let u(t) = t**3 + 4*t**2 + 5*t + 9. Calculate u(k).
-11
Let h(f) = -f**2 + 3*f + 6. Let a(t) be the third derivative of t**6/120 + 7*t**5/60 + 5*t**4/24 - 9*t**2. Let m be a(-7). Let n = -30 - m. Calculate h(n).
-4
Let a(j) be the third derivative of -j**6/120 + 7*j**5/60 + j**4/12 - 3*j**3/2 - 8*j**2 + 6*j. Calculate a(7).
5
Let b = 8 - 2. Let m be 20/6*(-9)/b. Let k(x) = -x**3 - x**2 - 1. Let u(n) = -4*n**3 - 1. Let v(s) = -5*k(s) + u(s). Calculate v(m).
4
Let y(c) = c - 3. Suppose 0 = 8*v - 10 - 78. Suppose v = -x + 2*x + 5*f, f = -4*x - 13. Calculate y(x).
-7
Let h(k) = 0*k + 3*k - k. Let m(o) = 4*o**2 + 42*o + 42. Let q be m(-1). Calculate h(q).
8
Let u(i) be the second derivative of i**3/2 - i**2/2 - i. Let j(m) = -m**3 + 7*m**2 - 2*m + 16. Let l be j(7). Let w be (l + -1)/(4 - 3). Calculate u(w).
2
Suppose 19 = l + 15. Let x(i) = 0*i + 3*i - 8 - l*i + 0. Let c(y) = -y**3 + 5*y**2 + 5*y + 6. Let o be c(6). Give x(o).
-8
Let x = 5 - 14. Let r = x - -1. Let p(v) = -v**3 - 9*v**2 - 8*v - 1. Calculate p(r).
-1
Let x(d) = -4*d**3 + 12*d**2 - 5*d + 9. Let h(o) = o**2 + 1. Let q(y) = -6*h(y) + x(y). Determine q(2).
-15
Let d(y) = 2*y**3 + y**2 + 2*y + 2. Suppose 0 = 3*n - 23 + 2. Let z(c) be the first derivative of -c**2/2 + 5*c - 1. Let q be z(n). Calculate d(q).
-14
Let o(k) = 30*k - 57*k - 1 + 26*k. Let x be (-12)/(-90) + 94/(-30). Give o(x).
2
Let t be (-2 - -8)/(-7 - 152/(-20)). Let b(i) = 10 - i - 2*i + 2*i. Give b(t).
0
Let k = -57 - -55. Let m(q) = 5*q**3 + 3*q**2 + 3*q + 3. Determine m(k).
-31
Let u(b) = -b**2 - b. Let n(g) = -g + 2. Let j(x) = -4*n(x) - u(x). What is j(0)?
-8
Let o(g) = -3*g**3 + 7*g**2 - 2*g + 7. Let p(b) = 4*b**3 - 8*b**2 + 3*b - 8. Let i(x) = -5*o(x) - 4*p(x). Give i(-3).
3
Let c(d) be the second derivative of d**6/720 - d**5/60 + d**4/3 + 12*d. Let n(y) be the third derivative of c(y). What is n(-4)?
-6
Let s(a) = a**2 + 7*a - 6. Suppose 10*t - 8*t = 0. Suppose g + 61 = 2*l, -3*g + t*l + 5*l = 181. Let d be 2/(-3 - g/21). Give s(d).
-6
Let w be 14/21*-3*1. Let a(v) = -3*v**3 + 2*v - 6. Let c(t) = -2*t**3 + t**2 + 2*t - 5. Let p(y) = -3*a(y) + 4*c(y). Give p(w).
2
Let l(u) = 3*u + 2. Let f be (-75)/(-45) - 1/(-3). Let s be 6*1/(-3)*f. What is l(s)?
-10
Let y(t) = t - 6. Let d = -25 + 39. Let q = -14 + d. Suppose -z = 2*w - 5, 4*w = -q*w + z + 25. Calculate y(w).
-1
Let l(u) be the second derivative of -u**4/12 + 5*u**3/6 - 3*u**2/2 - 174*u. Give l(5).
-3
Let a(y) be the first derivative of y**3/3 - 6*y**2 + 5*y - 128. Let p be 23/2 + (-6)/(-12). Give a(p).
5
Let c(l) = -5*l**2 + 2*l + 1. Let s = -156 - -155. Determine c(s).
-6
Let w be -2 + 4/(7 - 5). Let u(s) = 9*s + 9 - 10*s + w*s. Calculate u(8).
1
Let p(a) = a**3 + 19*a**2 + 34*a + 20. Let b be p(-17). Let u(q) = -q**2 - 14 - q - 43*q**3 + b*q**3 + 22*q**3. Calculate u(0).
-14
Let p(d) = -d**3 - 4*d**2 - 2*d - 1. Let r(v) = -v**2 - 6*v + 18. Let x be r(-7). Suppose -5*c + 5*l = 4 + 6, -3*c = 2*l + x. Determine p(c).
-4
Let y(g) be the third derivative of g**6/120 - g**5/10 + g**4/24 + 12*g**2. Give y(6).
6
Let b(w) = 2*w**2 - 5*w - 20. Let u(y) = -y**2 + 3*y + 10. Let s(p) = 2*b(p) + 5*u(p). Let r be 20/(-25)*7/(14/(-20)). Calculate s(r).
-14
Let i(d) be the second derivative of -d**5/20 - d**3/6 - 3*d**2 - d. Let k = -1 + 2. Suppose 4*j + 2*a - 3 = k, 2*a = 4. Give i(j).
-6
Let u(d) = -d**2 + 11*d + 9. Let h be (-20)/(-270) - (-322)/27. Determine u(h).
-3
Let a(j) be the first derivative of -j**2 - 6*j + 129. Determine a(-8).
10
Let x(l) = 2*l**2 - 23*l - 80. Let z be x(14). Let a(y) = 2*y + 13. What is a(z)?
-7
Let b(c) = -3*c**2 + c. Let a(m) = -71*m**2 + 4*m + 1. Let t(i) = a(i) - 4*b(i). Determine t(-1).
-58
Suppose 0 = -2*n - 3 + 1. Let z = 29 + -27. Let j(b) = 1 + 0*b**z + 5*b - 2*b**2 - 5*b + 3*b**3. What is j(n)?
-4
Let g(o) = 10*o + o**3 + 10 - 2*o**2 + 0*o**3 + 11*o**2. Suppose -4*a - z + 205 = 0, -3*a + 5*z + 274 - 103 = 0. Suppose -a + 140 = -11*x. Determine g(x).
-6
Let q(o) be the second derivative of -o**4/24 + o**3/3 - 21*o**2/2 - 21*o. Let v(u) be the first derivative of q(u). Calculate v(0).
2
Let o(p) = -7*p**3 - 2*p**2 + 11*p - 3. Let b(m) = -3*m**3 - m**2 + 5*m - 2. Suppose -2*n = 21 - 5. Let d = n + 6. Let g(l) = d*o(l) + 5*b(l). What is g(-3)?
5
Let a(w) = -w**3 - 4*w**2 - 8*w - 3. Let b(u) = -3*u**2 - 1. Let j(c) = -a(c) + 4*b(c). What is j(7)?
6
Suppose -3*f = -3*j - 6, -4*f = j - 0*j - 13. Let k(b) be the second derivative of 0*b**2 + 3/20*b**5 + 0 + 0*b**3 + 0*b**4 - 4*b. Give k(j).
3
Let c = -9 - -6. Let i = c + -2. Let d(l) = -l**3 - 5*l + 3*l**2 + 0*l**3 + 1 + 2*l**3 + l**2. What is d(i)?
1
Suppose -5*i = 33 - 23. Let a(n) = 6*n**2 + n - 1. Give a(i).
21
Let i(n) be the second derivative of n**3/2 + 3*n**2 + 2*n. Suppose -4*u - 40 = -9*u. Let a = -12 + u. Give i(a).
-6
Let z(q) = 5*q**2 + 18*q**2 + 20 - 31 + 8*q. Let g(d) = -15*d**2 - 5*d + 7. Let m(a) = -8*g(a) - 5*z(a). Give m(-1).
4
Let n(a) = -3*a - 3*a**2 - 12 + 5 + 10*a**2 + 8*a - 6*a**2. What is n(-6)?
-1
Let b(j) = -3*j. Let c(p) = 1. Let q(k) = -b(k) + 5*c(k). Let i be q(-2). Let u(m) be the second derivative of -m**4/12 - m**3/6 - m**2/2 - m. Calculate u(i).
-1
Let i(q) = -2*q + 3. Let a(d) = -d + 13. Let f(k) = -a(k) + 3*i(k). Calculate f(-5).
21
Let c(a) = -23*a + 10. Let b(y) = 252*y - 108. Let w(t) = -5*b(t) - 54*c(t). Calculate w(-1).
18
Let b(f) be the third derivative of -1/12*f**4 - 23*f**2 + 0 - 1/3*f**3 + 1/12*f**5 - 1/120*f**6 + 0*f. Let q be (1 + 0)/(1/3). What is b(q)?
10
Suppose -5*o - 65 = -0*o. Let y = o - -15. Suppose -4*c + 3*d = -y*d + 49, c + d = -1. Let z(s) = 2*s + 5. What is z(c)?
-7
Let w(v) = v**2 - v - 2. Let t = 22 + -22. Suppose 3*a + s - 13 = t, -4 = 6*a - 2*a - 4*s. Calculate w(a).
4
Let g(n) = -4*n**3 - n**2 + n - 1. Suppose 0*y + 3 = 3*y. What is g(y)?
-5
Let s(h) = -10*h**3 - 31*h**2 + 4*h - 4. Let a(y) = 3*y**3 + 10*y**2 - y + 2. Let w(k) = 7*a(k) + 2*s(k). Determine w(-8).
-2
Let y(x) = 135*x - 275*x + 2 - 3 + x**2 + 142*x - 3*x**3. Calculate y(-2).
23
Let i(p) = 2*p**2 + 11 - p**2 + 12*p - 3*p. Give i(-6).
-7
Suppose 25 = 2*q + 19. Let x be q/(0 - 12/8). Let i(s) = -2*s**3 + 2*s - 1. Calculate i(x).
11
Let p(i) = -i + 3. Let r be (-1)/(-2*(-1)/(-8)). Suppose -r*l + 27 = -5*a, -a + 5*l + 4 - 1 = 0. Let o = a + 12. Calculate p(o).
-2
Let j(z) = 7*z**2 + 7*z + 11. Let a(r) = -r**2 - 1. Let m(x) = -6*a(x) - j(x). Let f = 2 + 1. Suppose -12 = 6*h - f*h. What is m(h)?
7
Let h(j) = -74*j**2 + 5*j + 5. Let i(x) = 68*x**2 - 4*x - 4. Let q(o) = 4*h(o) + 5*i(o). Calculate q(1).
44
Let y(s) be the second derivativ